0. Calculate the greatest common factor of z and o.
15
Let s = 121 + -298. Let o = -117 - s. Calculate the greatest common divisor of 150 and o.
30
Let a be ((-4)/18 - 1275/(-270))*14*2. What is the highest common divisor of a and 210?
42
Let m = 2233 - 2206. Calculate the greatest common factor of 42 and m.
3
Let j be 8*((-1330)/(-80))/19. Suppose j*d + 2340 = 19*d. Calculate the highest common divisor of d and 15.
15
Let h be 33/(-15) - -2 - 867/15. Let q = h + 76. Let j be 13 - -3*4*(-2)/6. What is the greatest common factor of q and j?
9
Suppose 0 = 12*o + 162 + 30. Let n = o + 22. Suppose 675 = -y + n*y. What is the highest common divisor of y and 15?
15
Let a = 18 - -14. Let w = -143 + 100. Let z be (2 - w) + (-2)/((-4)/6). Calculate the greatest common divisor of a and z.
16
Let z = 1035 + -612. Calculate the highest common divisor of z and 3102.
141
Let y(a) = a**2 + 10*a + 152. Let l be y(12). What is the highest common divisor of 432 and l?
16
Let n = -83 - -85. Let i be (-211)/(-2)*n + (-6)/2. Calculate the greatest common divisor of i and 32.
16
Suppose -98*n + 144*n = 57362. Calculate the greatest common factor of 290 and n.
29
Suppose -8*h + 4*h = -832. Let o be ((-2)/(-3)*1)/(8/624). Suppose 0 = 7*c - 6*c - o. What is the greatest common divisor of c and h?
52
Let m be ((-36181)/4)/(43 + (-4844)/112). What is the greatest common factor of 194 and m?
97
Let a be 6 - 11/((-55)/(-15)). Suppose -3*g - y + 319 = 0, -a*y - 6 - 87 = -g. What is the highest common factor of g and 42?
21
Suppose 78*s - 60783 = -36*s - 24417. Calculate the greatest common divisor of 649 and s.
11
Let p(x) = -152*x - 598. Let b be p(-4). Calculate the highest common divisor of 5890 and b.
10
Let u = 68 - -8. Let b = 761 + -765. Let w be (-19)/b*(-14 + 22). Calculate the highest common divisor of u and w.
38
Let c be (4 - (-66)/(-9))/(2/(-84)). Suppose -c = 7*i - 12*i. Suppose -20 = -3*h + i. Calculate the highest common divisor of 16 and h.
16
Suppose -2*p - v = -175, 0 = 5*p + 2*v - 376 - 63. Calculate the greatest common divisor of p and 11659.
89
Let h be (156 - 93) + (0 - 1) + 2. What is the greatest common factor of h and 108?
4
Let k(u) = -u**3 - 19*u**2 + 16*u - 6. Let p be k(-25). Suppose -2*j - 9*j = -p. What is the greatest common divisor of j and 16?
16
Let x(f) = -3*f**2 - f**3 + 16*f + 71 + f**2 - 3*f**2 - 99. Let n be x(-8). Calculate the highest common divisor of 63 and n.
9
Let d(c) = 4*c + 22. Let w be d(-2). Suppose 0 = -w*m - 7*m + 567. Calculate the highest common factor of m and 189.
27
Let f(v) = 18*v + 902. Let t be f(-48). Calculate the highest common divisor of t and 1007.
19
Let d = 1830 - 1660. Calculate the greatest common factor of 2465 and d.
85
Suppose -5*f - 69 = -69. Suppose -4*g - 3*i + 8 = f, 3*i - 2 = -4*g + 3*g. Suppose -g*z = 5*z - 686. What is the greatest common divisor of 14 and z?
14
Suppose -6*m - 120 = -8*m. Let o = m - 52. Suppose -o*p = -p - 448. Calculate the greatest common factor of 32 and p.
32
Suppose 18 = 2*j - 5*t - 1, 19 = 5*j - 3*t. Suppose -j*v - 8 = -4*v. Suppose 192 - 332 = -14*c. Calculate the highest common divisor of v and c.
2
Let h be (-104)/(-2)*(-11)/(-22). Suppose -49 - h = -5*u. What is the highest common divisor of u and 10?
5
Let n be 5 - ((-26)/6)/(24/(-72)) - -28. Calculate the greatest common factor of n and 1112.
4
Let l(f) = 2*f**3 + 27*f**2 - 78*f - 324. Let j be l(-15). What is the highest common divisor of 95 and j?
19
Suppose 37*v - 6*v = 262508. Calculate the greatest common divisor of 116 and v.
116
Let i(c) = c + 48. Suppose 3*v = -6 + 15. Suppose 8*s + 45 = v*s. Let p be i(s). What is the greatest common divisor of 13 and p?
13
Let f be 3480942/13386 + 1/(-23). What is the highest common divisor of 3055 and f?
65
Suppose -6*u = -11*u. Suppose -7*z + z + 4074 = u. Suppose -139 = 9*y - z. Calculate the highest common divisor of 150 and y.
30
Let r = 134 - -36. Let o = r - 74. Suppose -455*l = -452*l - 72. What is the highest common divisor of o and l?
24
Let r = -9 + 38. Let i = r + -26. Let a be 76 - (i - (3 - 4)). Calculate the greatest common factor of a and 8.
8
Suppose 0*z + z - 140 = 0. Let x be 234/(-30)*(-80)/6. Suppose 3*l = 4*f + 123 + 29, 2*f = 2*l - x. What is the highest common divisor of z and l?
28
Suppose 62*c - 26313 = -36*c + 64533. Calculate the highest common factor of c and 515.
103
Let h(r) = 25*r + 56. Let i be h(-2). Suppose -i*f + 1918 = -f + l, -1912 = -5*f - 4*l. Calculate the highest common factor of f and 12.
12
Let z = -29 + 59. Let j = -22 + z. Suppose 5*b - j = 52. Calculate the highest common factor of b and 96.
12
Let s = -10 - -59. Let p = -33691 - -33705. What is the highest common divisor of p and s?
7
Suppose -7*m + 744 = 289. Suppose 133*x - 120*x - 130 = 0. Calculate the greatest common divisor of m and x.
5
Let n be 16/(-12) - 0 - (-1)/3. Let h be 7/(21/(-30))*(-11 + n). What is the greatest common divisor of h and 60?
60
Suppose -180*x + 3260816 - 790316 = 0. What is the greatest common factor of x and 45?
45
Suppose 340 = 5*s - 2*c, 0 = -2*s - 0*s + 3*c + 125. Let w = 41062 - 40887. Calculate the greatest common divisor of w and s.
35
Let z(t) = t**2 - 20*t + 30. Let m be z(23). Suppose -i + 49 = 4*h - 17, 3*h = 2*i - m. What is the highest common divisor of i and 12?
6
Suppose -2*l + 44*x = 42*x - 392, -3*x - 966 = -5*l. Calculate the greatest common factor of l and 1827.
63
Let u be (38/(-4))/(8/(-16)). Suppose 104 = u*p - 105. Calculate the highest common factor of p and 121.
11
Let r = -389 - -415. Suppose -31*u + 35*u + r = 2*p, 0 = -3*p + 2*u + 39. What is the greatest common divisor of 13 and p?
13
Let s(f) = -5*f - 22. Suppose 10*m + 126 = 6. Let h be s(m). Suppose 4*t = -3*q + h, 4*q + 5*t = 38 + 11. Calculate the highest common divisor of q and 4.
2
Suppose 0 = -57*x + 140*x - 913. What is the greatest common divisor of 14 and x?
1
Let k = -1586 + 1602. Let q be ((-8)/(-2))/(2/4). Calculate the highest common divisor of q and k.
8
Let p = -278 + 150. Let g be p/(-1 + (0 - (-2)/6)). Calculate the greatest common factor of g and 12.
12
Let w(m) = 6*m**2 + 42*m + 30. Let d be w(-12). Calculate the highest common factor of 1248 and d.
78
Suppose -16 + 1032 = -8*p. Let a = p + 169. Calculate the greatest common divisor of 126 and a.
42
Suppose 4*y - 1821 - 599 = 0. Suppose -4*n = -3*c - 214, 198 + 28 = 4*n + 3*c. Calculate the greatest common divisor of y and n.
55
Suppose 5*i - 36 = -i. Suppose 0 = 4*h + p + 9, -3*p + i = -5*h - 1. Let t be (-5)/6*8*21/h. What is the greatest common factor of t and 28?
14
Suppose 405 = 6*n - 1683. Let b = n - 208. Calculate the greatest common divisor of b and 210.
70
Suppose -34 + 408 = v. What is the highest common factor of 22 and v?
22
Let s be (186/55 + 6/(-33))/((-160)/(-14400)). Calculate the greatest common factor of 9 and s.
9
Let o be ((-3034)/4 - 1)*(-1 + -1). Calculate the greatest common divisor of 31 and o.
31
Let z be 80/40 + ((-180)/12)/((-3)/8). Calculate the highest common divisor of 448 and z.
14
Suppose -20*s = -340*s - 110*s + 19350. Suppose 3*i + 2*i = 45. Calculate the greatest common factor of i and s.
9
Suppose 73*l + 3*h = 78*l - 1053, -421 = -2*l + h. Calculate the greatest common factor of l and 252.
42
Let i = 113 - 77. Let f(v) = v**3 + 10*v**2 - 10 + 3*v + 3*v**2 - 5*v + i. Let q be f(-13). What is the greatest common factor of q and 13?
13
Suppose 2*h - 66 = -2*t, 0*h + 39 = h - t. Let l(x) = -24*x - 324. Let f be l(-21). What is the greatest common divisor of f and h?
36
Let q(h) = -43*h - 1244. Let v be q(-31). Calculate the highest common factor of 8633 and v.
89
Let b(c) = 2*c**2 - 24*c + 8. Let n be ((-1)/2)/((-10)/(-60))*-6. Let q be b(n). Calculate the greatest common factor of 7 and q.
7
Let k be (-350)/(-4) + 56 + -47 + (-2)/(-4). Calculate the greatest common factor of k and 388.
97
Suppose -31 + 175 = 8*l. Let h be (46/9 - 5) + 1150/l. Let q(f) = 11*f**2 + 2*f. Let r be q(2). What is the greatest common factor of r and h?
16
Suppose 4*b + 40 + 20 = 0. Let t(y) = -y**2 + 28*y + 36. Let h be t(28). Let v = b + h. Calculate the highest common divisor of 189 and v.
21
Suppose 4*t + 3*h = 89556, 20*t - 16*t + h - 89572 = 0. Calculate the greatest common 